the remainder when 168 is divided by 142?
26
What is the remainder when 872 is divided by 9?
8
What is the remainder when 928 is divided by 15?
13
Calculate the remainder when 4378 is divided by 60.
58
Calculate the remainder when 1288 is divided by 182.
14
Calculate the remainder when 457 is divided by 227.
3
What is the remainder when 70 is divided by 43?
27
What is the remainder when 205 is divided by 14?
9
What is the remainder when 211 is divided by 108?
103
Calculate the remainder when 222 is divided by 78.
66
What is the remainder when 289 is divided by 67?
21
What is the remainder when 237 is divided by 60?
57
Calculate the remainder when 50 is divided by 22.
6
Calculate the remainder when 11150 is divided by 21.
20
Calculate the remainder when 3928 is divided by 43.
15
What is the remainder when 87 is divided by 62?
25
Calculate the remainder when 839 is divided by 18.
11
Calculate the remainder when 15 is divided by 4.
3
Calculate the remainder when 1203 is divided by 18.
15
What is the remainder when 21 is divided by 14?
7
Calculate the remainder when 41 is divided by 7.
6
Calculate the remainder when 9 is divided by 8.
1
What is the remainder when 12814 is divided by 178?
176
Calculate the remainder when 107 is divided by 59.
48
What is the remainder when 684 is divided by 69?
63
Calculate the remainder when 971 is divided by 36.
35
Calculate the remainder when 5855 is divided by 8.
7
Calculate the remainder when 1216 is divided by 50.
16
What is the remainder when 486 is divided by 234?
18
Calculate the remainder when 75 is divided by 4.
3
What is the remainder when 331 is divided by 7?
2
Calculate the remainder when 626 is divided by 57.
56
Calculate the remainder when 1493 is divided by 78.
11
Calculate the remainder when 775 is divided by 10.
5
Calculate the remainder when 129 is divided by 5.
4
What is the remainder when 59 is divided by 13?
7
What is the remainder when 609 is divided by 74?
17
Calculate the remainder when 7 is divided by 6.
1
Calculate the remainder when 35 is divided by 23.
12
Calculate the remainder when 1034 is divided by 26.
20
Calculate the remainder when 83 is divided by 65.
18
What is the remainder when 47 is divided by 31?
16
Calculate the remainder when 5105 is divided by 35.
30
Calculate the remainder when 120 is divided by 67.
53
What is the remainder when 175 is divided by 64?
47
Calculate the remainder when 19 is divided by 7.
5
What is the remainder when 162 is divided by 90?
72
Calculate the remainder when 1517 is divided by 308.
285
What is the remainder when 719 is divided by 90?
89
Calculate the remainder when 583 is divided by 144.
7
Calculate the remainder when 1100 is divided by 19.
17
Calculate the remainder when 72 is divided by 14.
2
Calculate the remainder when 64 is divided by 16.
0
Calculate the remainder when 388 is divided by 78.
76
Calculate the remainder when 2917 is divided by 369.
334
What is the remainder when 989 is divided by 25?
14
What is the remainder when 109 is divided by 11?
10
What is the remainder when 720 is divided by 49?
34
What is the remainder when 288 is divided by 103?
82
What is the remainder when 678 is divided by 224?
6
What is the remainder when 427 is divided by 111?
94
What is the remainder when 152 is divided by 5?
2
What is the remainder when 581 is divided by 478?
103
Calculate the remainder when 222 is divided by 7.
5
Calculate the remainder when 145 is divided by 11.
2
Calculate the remainder when 1004 is divided by 67.
66
What is the remainder when 83 is divided by 22?
17
Calculate the remainder when 42 is divided by 16.
10
What is the remainder when 328 is divided by 21?
13
Calculate the remainder when 303 is divided by 298.
5
What is the remainder when 191 is divided by 11?
4
Calculate the remainder when 734 is divided by 19.
12
Calculate the remainder when 2896 is divided by 21.
19
Calculate the remainder when 2102 is divided by 27.
23
What is the remainder when 285 is divided by 22?
21
Calculate the remainder when 1467 is divided by 113.
111
What is the remainder when 246 is divided by 5?
1
Calculate the remainder when 208 is divided by 42.
40
What is the remainder when 250 is divided by 11?
8
What is the remainder when 29 is divided by 19?
10
Calculate the remainder when 160 is divided by 38.
8
What is the remainder when 19867 is divided by 7?
1
What is the remainder when 1416 is divided by 29?
24
Calculate the remainder when 262 is divided by 12.
10
What is the remainder when 5130 is divided by 25?
5
What is the remainder when 949 is divided by 51?
31
What is the remainder when 315 is divided by 16?
11
Calculate the remainder when 289 is divided by 273.
16
Calculate the remainder when 111 is divided by 17.
9
Calculate the remainder when 1239 is divided by 49.
14
What is the remainder when 1435 is divided by 445?
100
Calculate the remainder when 150 is divided by 26.
20
Calculate the remainder when 792 is divided by 13.
12
What is the remainder when 158 is divided by 54?
50
Calculate the remainder when 320 is divided by 79.
4
Calculate the remainder when 1223 is divided by 18.
17
What is the remainder when 6692 is divided by 216?
212
Calculate the remainder when 1508 is divided by 18.
14
Calculate the remainder when 3151 is divided by 158.
149
Calculate the remainder when 1635 is divided by 19.
1
Calculate the remainder when 115 is divided by 29.
28
Calculate the remainder when 1601 is divided by 147.
131
What is the remainder when 95 is divided by 17?
10
Calculate the remainder when 13 is divided by 7.
6
Calculate the remainder when 9218 is divided by 10.
8
Calculate the remainder when 587 is divided by 75.
62
Calculate the remainder when 353 is divided by 71.
69
What is the remainder when 110 is divided by 68?
42
What is the remainder when 123 is divided by 56?
11
What is the remainder when 1786 is divided by 461?
403
Calculate the remainder when 689 is divided by 211.
56
Calculate the remainder when 40 is divided by 14.
12
What is the remainder when 681 is divided by 133?
16
Calculate the remainder when 67 is divided by 43.
24
Calculate the remainder when 396 is divided by 102.
90
Calculate the remainder when 133 is divided by 45.
43
Calculate the remainder when 226 is divided by 43.
11
What is the remainder when 529 is divided by 12?
1
Calculate the remainder when 347 is divided by 89.
80
What is the remainder when 86 is divided by 77?
9
What is the remainder when 40 is divided by 9?
4
Calculate the remainder when 158 is divided by 87.
71
What is the remainder when 431 is divided by 226?
205
What is the remainder when 98 is divided by 54?
44
Calculate the remainder when 297 is divided by 92.
21
What is the remainder when 49 is divided by 34?
15
Calculate the remainder when 2013 is divided by 13.
11
Calculate the remainder when 520 is divided by 57.
7
What is the remainder when 82 is divided by 44?
38
What is the remainder when 723 is divided by 28?
23
Calculate the remainder when 1307 is divided by 361.
224
Calculate the remainder when 174 is divided by 109.
65
Calculate the remainder when 80 is divided by 48.
32
What is the remainder when 705 is divided by 102?
93
What is the remainder when 432 is divided by 139?
15
What is the remainder when 280 is divided by 2?
0
Calculate the remainder when 177 is divided by 40.
17
What is the remainder when 242 is divided by 63?
53
Calculate the remainder when 338 is divided by 68.
66
What is the remainder when 1843 is divided by 12?
7
Calculate the remainder when 4 is divided by 3.
1
Calculate the remainder when 186 is divided by 38.
34
Calculate the remainder when 2446 is divided by 807.
25
Calculate the remainder when 255 is divided by 6.
3
What is the remainder when 1260 is divided by 79?
75
Calculate the remainder when 248 is divided by 43.
33
Calculate the remainder when 317 is divided by 122.
73
Calculate the remainder when 199 is divided by 43.
27
Calculate the remainder when 396 is divided by 15.
6
What is the remainder when 131 is divided by 55?
21
Calculate the remainder when 287 is divided by 18.
17
What is the remainder when 751 is divided by 165?
91
What is the remainder when 434 is divided by 79?
39
Calculate the remainder when 29323 is divided by 115.
113
What is the remainder wh